).
73
What is (1 - 3 - 1) + 6 + 1400 + -1408?
-5
What is the value of (0 - -13) + 2 + (-19 - 1) + -10?
-15
What is the value of -8 + 19 + -3 + -21?
-13
What is the value of -3 - -30 - (-346 - -307)?
66
What is (33 + -14 - -17) + 4?
40
What is the value of (-53 - (-12 + 5) - -13) + -41?
-74
(-18 - 3 - (8 + -7)) + 37
15
What is the value of (23 - (25 + 9 + -11)) + 6?
6
(-11 - (-9 + 5) - ((5 - -2) + -15)) + -54
-53
Calculate -30 + (-3 - 27) + 146 - 17.
69
What is the value of -120 - (2 + -14 + 30 + 28 + (-9 - 23))?
-134
Evaluate (29 - 3) + (10 - (-10 + 14)).
32
What is the value of (-16 - 1) + (109 - 148) - (5 + -2)?
-59
Calculate (3 - 3) + 17 - (21 - 5).
1
Evaluate -16 - -66 - 175 - (7 + -29).
-103
Calculate 38 - (-3 - -34) - (1 - 1 - 3) - 67.
-57
What is 17 - -68 - (8 + 9 + (-15 - -7) - 22)?
98
Evaluate (768 - 733) + (38 - -1) - (-4 + 1 - 2).
79
What is 5 + -31 + -3 + (0 - 1) + (196 - 195)?
-29
What is 7 + -2 + -25 + -72 + 168?
76
What is the value of (51 - (-4 + 7)) + -31 + 44 + -11 + 3?
53
Evaluate -1 + (-2 - 2) - (778 + -778) - 15.
-20
What is 2 + 1 + (-6 - -14) - (280 - 258)?
-11
Evaluate -8 + 65 + 3 + -4 + (-48 - (-8 - 39)).
55
What is -69 + (-4 - -2) - (21 + -11 - 17)?
-64
What is -43 + 102 - 41 - (1 - -17)?
0
What is the value of 10 + (-33 - -72) - -7?
56
What is the value of 12 + (-61 - (-7 + -8 + -6))?
-28
-10 - (-50 - -16) - (2 - 19)
41
Evaluate (-5 - (8 - 16)) + (56 - (7 + -5)).
57
Evaluate (-3 - (0 - -2) - ((-22 - -55) + -50)) + -5.
7
What is the value of (54 - 84 - -7) + 49?
26
What is -3 + (19 - (-5 + -7)) + 5?
33
Calculate 27 + (-17 - (-15 + 20)).
5
(2 - (7 - -3)) + 27 + -132 + 55
-58
Calculate (1 - (-156 + (5 - 3))) + 219 + -230.
144
Evaluate (-16 - -5) + 65 + 17 + -54 + 17.
34
Calculate (-55 - -46) + -88 + 132 + (9 - 2).
42
What is the value of (-8 - 0) + (-4 - -19) + -1?
6
What is (4 - (1 + 1) - (-1442 + 1510)) + 7?
-59
What is -60 + (0 - (1 - 2)) + (-42 - (20 - 72))?
-49
201 - 301 - (12 - 66)
-46
What is the value of 12467 + -12507 - (0 + -79)?
39
Evaluate -99 + (-19 - (-75 + 25)).
-68
(-51 - (-27 + 38)) + 171 + 9 + 1
119
What is the value of (44 - 93) + 2 + 56?
9
What is the value of -55 + (102 - 62) + (81 - -1)?
67
Evaluate 44 + 20 - 89 - -65.
40
Evaluate (0 + -4 + 1 - (55 - 66)) + -32.
-24
Calculate 15 + -15 - 26 - (-27 - -18).
-17
What is -3139 - -3080 - (1 - 34)?
-26
What is the value of -49 - ((37 - (-2 - -31)) + -2)?
-55
Evaluate 0 - 9 - ((38 - 5 - 40) + 2 + 12).
-16
Evaluate 22 + -1 - ((-20 - -14 - 15) + 7).
35
What is -11 + -101 + 129 + -1 + 0 + -1?
15
What is 10 + (-1 - 23) - (4 - -9 - 8)?
-19
Evaluate -10 - ((6 - 10) + 6) - (-71 + -10).
69
What is 488 + -501 - (3 + (1 - 4))?
-13
Evaluate (1 - -2) + (0 - -23 - (-1281 - -1268)).
39
What is 36 + (-8 - (-61 + 35)) + 42?
96
18 + 0 + -2 + -27 - 9
-20
Calculate -35 + -34 + (-2 + 13 - (-25 + 23)).
-56
Calculate (1 - -2 - 11) + (-32 - 6 - -13).
-33
-533 - -533 - ((1 - 2) + 48)
-47
((369 - 353) + 1 + -20 - 7) + (1 - 30)
-39
-28 - ((33 - -15) + -39)
-37
Calculate -120 + 53 + 28 + -23.
-62
13 + (-21 - -11) + -5 + (-13 - -7) - 55
-63
Evaluate -186 + 153 - (-15 + -61).
43
What is the value of -2450 + 2452 + (1 + -40 - (-2 + 1))?
-36
What is the value of -677 - -706 - (-7 - 0)?
36
What is the value of (4 - -8 - ((0 - 6) + -3)) + -10?
11
Evaluate -4 - -34 - (-1843 + 1916).
-43
-138 - -270 - (61 + 6)
65
(-32 - -6) + 3 + -86 - (-12 + -6)
-91
What is the value of 15 + -19 - ((1 - -81) + 16)?
-102
What is -2 - (-1 + 16 + (6 - 12) - (-9 + 18))?
-2
Calculate -10 + 22 + 2 + 7.
21
Calculate 1 + 10 + -3 - (-20 - 134 - -236).
-74
Evaluate -17 + -4 - (8 + (2 - -21)) - -12.
-40
What is 5 + 0 + 36 + 4 + -30 - (-11 - -18)?
8
What is the value of (67 - 121) + (-24 - (-13 - -1))?
-66
(-151 - (-145 + -28)) + 3 + -2 + -1
22
51 + (-13 - -27 - (8 - (-10 + 26)))
73
What is 0 + (3 - (-2 + 2) - (-2 - -4))?
1
Evaluate 126 - 167 - (21 - -21).
-83
What is (-9 + (0 - 1) - (431 - 499)) + (-11 - -24)?
71
Calculate 28 + -12 + -6 + 3 + 19 + 3.
35
Evaluate (338 - 303) + (0 - 9) + (-1 - -1).
26
Evaluate (9 - 35) + 16 - (-1 + -24).
15
What is the value of 5 + (-12 - (-12 + -19 + 14 - -18))?
-8
What is the value of -1 + (-2 - (-11 - 1)) + (-41 - 56 - -43)?
-45
Evaluate 9 + (1 + (-46 - 11) - (0 + -12)).
-35
What is the value of -15 - (-38 + (-23 - -30))?
16
Calculate -84 + 1 - (1776 + -1825).
-34
Calculate -10 - (33 + -35 - (-59 - 27)).
-94
Evaluate 0 - -13 - (2320 - 2245).
-62
-57 - ((5 - (92 + -80)) + 12 + 0 + -2)
-60
-16 - (-21 + 27 + 9 + -29)
-2
What is the value of 0 - (10 - (1 - -1) - (757 - 768))?
-19
What is -24 + 22 + -29 + (-13 - -24) + 100?
80
What is -91 + 102 + (7 - 5 - 20) - (0 - -28)?
-35
What is 2 + -8 + -6 - (-18 + (-58 - -13))?
51
What is the value of 26 + -2 + 1 - (118 - (25 - -91))?
23
13 - (-359 + 333 - (9 + -1))
47
(-299 - (372 - 675)) + (1 - (1 + 67))
-63
Evaluate -42 + 63 - (7 - (9 + -36)) - 73.
-86
7 + 5 + 1 + -15 - (-1 + 9 - -3)
-13
Evaluate 16 - 16 - (0 + 5 + (3 - 56 - 1)).
49
What is (124 - 159) + (-2 - (-6 + 11)) + (0 - 1)?
-43
-40 + 128 + -50 + 5
43
Calculate 11 - (-81 + 6 + 74).
12
(-102 + 61 - (-8 + -18)) + (0 - 0) + -54
-69
Calculate -1 + 10 + 167 + 69 + -198.
47
1 + -13 + -15 + (3 - (-16 - -8))
-16
What is 1 - (3 + -2) - ((-15 - 26) + 0)?
41
1 + 66 + 36 + (-60 - 0)
43
-158 - -145 - (-19 - 0) - 42
-36
Evaluate 5 + (7 - 2) + (3 - (0 + 2 - -6)).
5
Evaluate (16727 - 16720) + 57 + 0.
64
Evaluate -29 + -4 - (86 + -117).
-2
Evaluate -18 - (-45 - (21 - 5) - -7).
36
What is the value of 33 - (21 + 33) - -24 - -10?
13
Evaluate -13 + 10 - (47 - 47 - (-25 - -7)).
-21
What is the value of 84 - (-41 + 184 + -64)?
5
Evaluate (-35 - -23) + (14 - (22 - 0)) + (-37 - -1).
-56
Calculate -11 + 11 - (6 - -3) - (2 - (12 - -110)).
111
Evaluate 8 + 3 + (31 - 59) + 11 - (68 - 1).
-73
(-1 - -8 - -10) + -38 + 66 + -17
28
(17 - (4 + (-4 - -17))) + -11 - (-38 - -1)
26
Calculate 13 + 57 + -61 - 42.
-33
Calculate -73 - ((345 - 322) + -35 + -1).
-60
Calculate 166 + -81 + -84 - (1 - -13).
-13
What is the value of 10 - -4 - (-44 - 13 - -36)?
35
Evaluate 5 + -10 + (-1 - -2) + (53 - 51).
-2
What is -81 + 0 + -109 + 82 + 13 + (-14 - -25)?
-84
What is -15 - (-16 - (10 + -23)) - (-24 + 0)?
12
Calculate (0 - (-71 - -62)) + -62 + (-2 - 0).
-55
Evaluate ((-19 - 3) + -12 - -3) + -11.
-42
What is the value of (-6 - (-11 + 4 + (-32 - 7))) + 11?
51
Calculate (-13 - (-14 + -13)) + -8 + -7.
-1
(66 - 11) + (15 - (12 + 17))
41
Calculate (-12 - (7 - 26)) + -16.
-9
Calculate (28 + 5 - 36) + -4 + -13.
-20
3 + -32 + 41 + (0 - -29) + -1
40
What is the value of -37 - -1 - (30 - (-21 - 16 - -59))?
-44
What is the value of -37 + 7 + (7 - ((7 - 0) + 16 + -13))?
-33
Evaluate -260 + 246 - (-7 + -28).
21
Evaluate 12 - 1 - (9 - 18 - -25).
-5
What is 76 - (12 + -147 - -209)?
2
Calculate -30 - (-194 - -109) - 89.
-34
What is (3 - -10) + (14 - (-9 + 7 - 8))?
37
18 - 3 - (-103 - -2 - -75)
41
What is (40 - 25 - 43) + 2 + -28?
-54
What is the value of -2 + 115 - (14402 - 14336)?
47
10 + 42 + -56 + 78 + (9 - (4 - -3))
76
15 - 27 - (11 - (10 - -10)) - (-2 + 80)
-81
What is the value of 387 + -343 - ((8 - -4) + 0)?
32
What is the value of (-24 - -8) + 4 - (-25 + 33)?
-20
Calculate -40 + 3 + -4 - (-21 + 6 + 3).
-29
Calculate -1 + 11 + (88 - 36) + -13 + -66.
-17
(7 - 62 - -85) + (1 - -1) + -4
28
Evaluate (-19 - -20 - (-9 - -1)) + -106 + 40.
-57
Calculate 52 + 15 + (3 + -1 - 18) + 2 + -10.
43
What is -6 - (7 + -3 - 12) - (-13 - 0)?
15
What is 19 + (-12 + 18 - 7) + -15 + 83?
86
What is the value of -116 + 103 + -47 + -3?
-63
(25 - (28 - 13)) + -27 - 3
-20
73 + (86 + -35 - 99)
25
Evaluate 0 + -10 + (-7 + -2 - (-93 - -93)).
-19
What is 19 + 0 + (1 - 6) - -3 - -1?
18
12 - 0 - ((-2 - (6 + -2)) + 16)
2
What is the value of 49 + (80 - 99) + -16 + -1?
13
5 + -20 + 0 + 30 + (-1 - -3) + -6
11
-21 + (20 - 9) + 0 + -3 + (2 - -108)
97
Calculate (38 - 14) + -8 - (3 - -71).
-58
Evaluate -17 + 4 + (4 - -2) + (-3 - -11) + -4.
-3
Calculate 0 + 21 + (303 - 320) - -40.
44
What is the value of 116 - (60 - -48) - (64 + -1)?
-55
Calculate 219 + (-111 - 130) - (1 + (1 - 2)).
-22
Calculate 8 + (1 - 1) - (-22 - (-250 + 242)) - 12.
10
What is the value of 70 - (83 - 111 - -77)?
21
What is (-2 - 12) + -148 + 12 + 33?
-117
Calculate 36 - (53 + -32 + -74).
89
Calculate -12 + 29 + -